{"id":347,"date":"2025-08-09T14:01:16","date_gmt":"2025-08-09T14:01:16","guid":{"rendered":"https:\/\/www.fundacja-kbg.pl\/home\/home\/"},"modified":"2026-02-06T12:44:37","modified_gmt":"2026-02-06T12:44:37","slug":"home","status":"publish","type":"page","link":"https:\/\/www.fundacja-kbg.pl\/home\/","title":{"rendered":"Fundacja KBG Polska"},"content":{"rendered":"\t\t<div data-elementor-type=\"wp-page\" data-elementor-id=\"347\" class=\"elementor elementor-347\">\n\t\t\t\t<div class=\"elementor-element elementor-element-59c3665 e-flex e-con-boxed e-con e-parent\" data-id=\"59c3665\" data-element_type=\"container\" data-e-type=\"container\" data-settings=\"{&quot;background_background&quot;:&quot;classic&quot;}\">\n\t\t\t\t\t<div class=\"e-con-inner\">\n\t\t<div class=\"elementor-element elementor-element-8dea961 e-con-full e-flex e-con e-child\" data-id=\"8dea961\" data-element_type=\"container\" data-e-type=\"container\">\n\t\t\t\t<div class=\"elementor-element elementor-element-22b15f5 elementor-widget__width-initial elementor-widget elementor-widget-heading\" data-id=\"22b15f5\" data-element_type=\"widget\" data-e-type=\"widget\" data-widget_type=\"heading.default\">\n\t\t\t\t<div class=\"elementor-widget-container\">\n\t\t\t\t\t<h1 class=\"elementor-heading-title elementor-size-default\">Razem dla dzieci i rodzin z Zespo\u0142em KBG<\/h1>\t\t\t\t<\/div>\n\t\t\t\t<\/div>\n\t\t\t\t<div class=\"elementor-element elementor-element-00d753a elementor-widget elementor-widget-heading\" data-id=\"00d753a\" data-element_type=\"widget\" data-e-type=\"widget\" data-widget_type=\"heading.default\">\n\t\t\t\t<div class=\"elementor-widget-container\">\n\t\t\t\t\t<h5 class=\"elementor-heading-title elementor-size-default\">Wspieramy, edukujemy i budujemy spo\u0142eczno\u015b\u0107 os\u00f3b dotkni\u0119tych rzadk\u0105 chorob\u0105 genetyczn\u0105 - zespo\u0142em KBG<\/h5>\t\t\t\t<\/div>\n\t\t\t\t<\/div>\n\t\t\t\t<div class=\"elementor-element elementor-element-487e50d elementor-widget elementor-widget-button\" data-id=\"487e50d\" data-element_type=\"widget\" data-e-type=\"widget\" data-widget_type=\"button.default\">\n\t\t\t\t<div class=\"elementor-widget-container\">\n\t\t\t\t\t\t\t\t\t<div class=\"elementor-button-wrapper\">\n\t\t\t\t\t<a class=\"elementor-button elementor-button-link elementor-size-sm\" href=\"\/home\/about\/\">\n\t\t\t\t\t\t<span class=\"elementor-button-content-wrapper\">\n\t\t\t\t\t\t\t\t\t<span class=\"elementor-button-text\">Dowiedz si\u0119 wi\u0119cej<\/span>\n\t\t\t\t\t<\/span>\n\t\t\t\t\t<\/a>\n\t\t\t\t<\/div>\n\t\t\t\t\t\t\t\t<\/div>\n\t\t\t\t<\/div>\n\t\t\t\t<\/div>\n\t\t\t\t\t<\/div>\n\t\t\t\t<\/div>\n\t\t<div class=\"elementor-element elementor-element-e76119c e-grid e-con-boxed e-con e-parent\" data-id=\"e76119c\" data-element_type=\"container\" data-e-type=\"container\">\n\t\t\t\t\t<div class=\"e-con-inner\">\n\t\t\t\t<div class=\"elementor-element elementor-element-605a854 elementor-align-justify elementor-widget elementor-widget-button\" data-id=\"605a854\" data-element_type=\"widget\" data-e-type=\"widget\" data-widget_type=\"button.default\">\n\t\t\t\t<div class=\"elementor-widget-container\">\n\t\t\t\t\t\t\t\t\t<div class=\"elementor-button-wrapper\">\n\t\t\t\t\t<a class=\"elementor-button elementor-button-link elementor-size-sm\" href=\"\/home\/kontakt-2\/\">\n\t\t\t\t\t\t<span class=\"elementor-button-content-wrapper\">\n\t\t\t\t\t\t\t\t\t<span class=\"elementor-button-text\">Potrzebuj\u0119 wsparcia<\/span>\n\t\t\t\t\t<\/span>\n\t\t\t\t\t<\/a>\n\t\t\t\t<\/div>\n\t\t\t\t\t\t\t\t<\/div>\n\t\t\t\t<\/div>\n\t\t\t\t<div class=\"elementor-element elementor-element-11ffcf2 elementor-align-justify elementor-widget elementor-widget-button\" data-id=\"11ffcf2\" data-element_type=\"widget\" data-e-type=\"widget\" data-settings=\"{&quot;_animation&quot;:&quot;none&quot;}\" data-widget_type=\"button.default\">\n\t\t\t\t<div class=\"elementor-widget-container\">\n\t\t\t\t\t\t\t\t\t<div class=\"elementor-button-wrapper\">\n\t\t\t\t\t<a class=\"elementor-button elementor-button-link elementor-size-sm\" href=\"\/home\/wspieram\/\">\n\t\t\t\t\t\t<span class=\"elementor-button-content-wrapper\">\n\t\t\t\t\t\t\t\t\t<span class=\"elementor-button-text\">Chc\u0119 pom\u00f3c<\/span>\n\t\t\t\t\t<\/span>\n\t\t\t\t\t<\/a>\n\t\t\t\t<\/div>\n\t\t\t\t\t\t\t\t<\/div>\n\t\t\t\t<\/div>\n\t\t\t\t\t<\/div>\n\t\t\t\t<\/div>\n\t\t<div class=\"elementor-element elementor-element-0b4ac6f e-flex e-con-boxed e-con e-parent\" data-id=\"0b4ac6f\" data-element_type=\"container\" data-e-type=\"container\" data-settings=\"{&quot;background_background&quot;:&quot;classic&quot;}\">\n\t\t\t\t\t<div class=\"e-con-inner\">\n\t\t<div class=\"elementor-element elementor-element-37e6b13 e-con-full e-flex e-con e-child\" data-id=\"37e6b13\" data-element_type=\"container\" data-e-type=\"container\">\n\t\t\t\t<div class=\"elementor-element elementor-element-7944588 elementor-widget elementor-widget-heading\" data-id=\"7944588\" data-element_type=\"widget\" data-e-type=\"widget\" data-widget_type=\"heading.default\">\n\t\t\t\t<div class=\"elementor-widget-container\">\n\t\t\t\t\t<h2 class=\"elementor-heading-title elementor-size-default\">Fundacja KBG Polska<\/h2>\t\t\t\t<\/div>\n\t\t\t\t<\/div>\n\t\t\t\t<div class=\"elementor-element elementor-element-5a31996 elementor-widget elementor-widget-hfe-infocard\" data-id=\"5a31996\" data-element_type=\"widget\" data-e-type=\"widget\" data-widget_type=\"hfe-infocard.default\">\n\t\t\t\t<div class=\"elementor-widget-container\">\n\t\t\t\t\t\n\t\t<div class=\"hfe-infocard\">\n\t\t\t\t\t\t\t\t\t<div class=\"hfe-infocard-text-wrap\">\n\t\t\t\t<div class=\"hfe-infocard-text elementor-inline-editing\" data-elementor-setting-key=\"infocard_description\" data-elementor-inline-editing-toolbar=\"advanced\">\n\t\t\t\t\tNaszym g\u0142\u00f3wnym celem jest wspieranie dzieci i doros\u0142ych z zespo\u0142em KBG oraz ich rodzin. D\u0105\u017cymy do zwi\u0119kszenia \u015bwiadomo\u015bci o tej rzadkiej chorobie w\u015br\u00f3d spo\u0142ecze\u0144stwa i \u015brodowiska medycznego oraz do tworzenia przestrzeni, w kt\u00f3rej osoby dotkni\u0119te KBG mog\u0105 uzyska\u0107 realne wsparcie, informacj\u0119 i poczucie wsp\u00f3lnoty. \t\t\t\t<\/div>\n\t\t\t\t\t\t\t<\/div>\n\t\t<\/div>\n\n\t\t\t\t\t\t<\/div>\n\t\t\t\t<\/div>\n\t\t\t\t<\/div>\n\t\t<div class=\"elementor-element elementor-element-186cec0 e-con-full e-flex e-con e-child\" data-id=\"186cec0\" data-element_type=\"container\" data-e-type=\"container\">\n\t\t\t\t<div class=\"elementor-element elementor-element-0628a71 elementor-widget elementor-widget-image\" data-id=\"0628a71\" data-element_type=\"widget\" data-e-type=\"widget\" data-widget_type=\"image.default\">\n\t\t\t\t<div class=\"elementor-widget-container\">\n\t\t\t\t\t\t\t\t\t\t\t\t\t\t\t<img fetchpriority=\"high\" decoding=\"async\" width=\"1536\" height=\"1024\" src=\"https:\/\/www.fundacja-kbg.pl\/home\/wp-content\/uploads\/2025\/10\/kbg-logo.png\" class=\"attachment-full size-full wp-image-605\" alt=\"\" srcset=\"https:\/\/www.fundacja-kbg.pl\/home\/wp-content\/uploads\/2025\/10\/kbg-logo.png 1536w, https:\/\/www.fundacja-kbg.pl\/home\/wp-content\/uploads\/2025\/10\/kbg-logo-300x200.png 300w\" sizes=\"(max-width: 1536px) 100vw, 1536px\" \/>\t\t\t\t\t\t\t\t\t\t\t\t\t\t\t<\/div>\n\t\t\t\t<\/div>\n\t\t\t\t<\/div>\n\t\t\t\t\t<\/div>\n\t\t\t\t<\/div>\n\t\t<div class=\"elementor-element elementor-element-c0ba99f e-flex e-con-boxed e-con e-parent\" data-id=\"c0ba99f\" data-element_type=\"container\" data-e-type=\"container\">\n\t\t\t\t\t<div class=\"e-con-inner\">\n\t\t<div class=\"elementor-element elementor-element-2a6c89c e-con-full e-flex e-con e-child\" data-id=\"2a6c89c\" data-element_type=\"container\" data-e-type=\"container\">\n\t\t\t\t<div class=\"elementor-element elementor-element-d775327 elementor-widget elementor-widget-heading\" data-id=\"d775327\" data-element_type=\"widget\" data-e-type=\"widget\" data-widget_type=\"heading.default\">\n\t\t\t\t<div class=\"elementor-widget-container\">\n\t\t\t\t\t<h2 class=\"elementor-heading-title elementor-size-default\">Aktualno\u015bci<\/h2>\t\t\t\t<\/div>\n\t\t\t\t<\/div>\n\t\t\t\t<div class=\"elementor-element elementor-element-1ebf1c1 elementor-widget elementor-widget-text-editor\" data-id=\"1ebf1c1\" data-element_type=\"widget\" data-e-type=\"widget\" data-widget_type=\"text-editor.default\">\n\t\t\t\t<div class=\"elementor-widget-container\">\n\t\t\t\t\t\t\t\t\t<p><strong>W sobot\u0119 7 czerwca 2025 odby\u0142o si\u0119 wyj\u0105tkowe spotkanie rodzin z zespo\u0142em KBG. By\u0142 to czas pe\u0142en inspiracji i rado\u015bci \u2013 uczestnicy mogli wzi\u0105\u0107 udzia\u0142 w ciekawych wyk\u0142adach prowadzonych przez specjalist\u00f3w, kt\u00f3re dostarczy\u0142y cennej wiedzy na temat opieki i wsparcia dla dzieci z KBG. Nie zabrak\u0142o r\u00f3wnie\u017c zabaw i animacji dla najm\u0142odszych, dzi\u0119ki czemu dzieci mog\u0142y aktywnie sp\u0119dzi\u0107 czas w mi\u0142ej atmosferze. Spotkanie okaza\u0142o si\u0119 wspania\u0142\u0105 okazj\u0105 do integracji rodzin, wymiany do\u015bwiadcze\u0144 oraz zdobywania nowej wiedzy, aby zapewni\u0107 naszym dzieciom jak najlepsz\u0105 opiek\u0119.<\/strong><\/p>\t\t\t\t\t\t\t\t<\/div>\n\t\t\t\t<\/div>\n\t\t\t\t<\/div>\n\t\t<div class=\"elementor-element elementor-element-00aa73d e-con-full e-flex e-con e-child\" data-id=\"00aa73d\" data-element_type=\"container\" data-e-type=\"container\">\n\t\t<div class=\"elementor-element elementor-element-3ffc902 e-con-full e-flex e-con e-child\" data-id=\"3ffc902\" data-element_type=\"container\" data-e-type=\"container\">\n\t\t\t\t<div class=\"elementor-element elementor-element-b825181 elementor-widget elementor-widget-text-editor\" data-id=\"b825181\" data-element_type=\"widget\" data-e-type=\"widget\" data-widget_type=\"text-editor.default\">\n\t\t\t\t<div class=\"elementor-widget-container\">\n\t\t\t\t\t\t\t\t\t<h2><strong>Spotkanie Rodzin &#8211; 07.06.2025<\/strong><\/h2>\t\t\t\t\t\t\t\t<\/div>\n\t\t\t\t<\/div>\n\t\t\t\t<\/div>\n\t\t<div class=\"elementor-element elementor-element-bd35510 e-con-full e-flex e-con e-child\" data-id=\"bd35510\" data-element_type=\"container\" data-e-type=\"container\">\n\t\t\t\t<div class=\"elementor-element elementor-element-ff592c3 elementor-widget elementor-widget-image\" data-id=\"ff592c3\" data-element_type=\"widget\" data-e-type=\"widget\" data-widget_type=\"image.default\">\n\t\t\t\t<div class=\"elementor-widget-container\">\n\t\t\t\t\t\t\t\t\t\t\t\t\t\t\t<img decoding=\"async\" width=\"1024\" height=\"675\" src=\"https:\/\/www.fundacja-kbg.pl\/home\/wp-content\/uploads\/2025\/08\/pexels-photo-853168-853168-1024x675.jpg\" class=\"attachment-large size-large wp-image-595\" alt=\"A diverse group of friends raises their arms in celebration against a vibrant sunset backdrop.\" srcset=\"https:\/\/www.fundacja-kbg.pl\/home\/wp-content\/uploads\/2025\/08\/pexels-photo-853168-853168-1024x675.jpg 1024w, https:\/\/www.fundacja-kbg.pl\/home\/wp-content\/uploads\/2025\/08\/pexels-photo-853168-853168-300x198.jpg 300w, https:\/\/www.fundacja-kbg.pl\/home\/wp-content\/uploads\/2025\/08\/pexels-photo-853168-853168-768x506.jpg 768w, https:\/\/www.fundacja-kbg.pl\/home\/wp-content\/uploads\/2025\/08\/pexels-photo-853168-853168-1536x1012.jpg 1536w, https:\/\/www.fundacja-kbg.pl\/home\/wp-content\/uploads\/2025\/08\/pexels-photo-853168-853168-2048x1349.jpg 2048w\" sizes=\"(max-width: 1024px) 100vw, 1024px\" \/>\t\t\t\t\t\t\t\t\t\t\t\t\t\t\t<\/div>\n\t\t\t\t<\/div>\n\t\t\t\t<\/div>\n\t\t\t\t<\/div>\n\t\t\t\t\t<\/div>\n\t\t\t\t<\/div>\n\t\t<div class=\"elementor-element elementor-element-a482abc e-flex e-con-boxed e-con e-parent\" data-id=\"a482abc\" data-element_type=\"container\" data-e-type=\"container\" data-settings=\"{&quot;background_background&quot;:&quot;classic&quot;}\">\n\t\t\t\t\t<div class=\"e-con-inner\">\n\t\t<div class=\"elementor-element elementor-element-675eed8 e-con-full e-flex e-con e-child\" data-id=\"675eed8\" data-element_type=\"container\" data-e-type=\"container\" data-settings=\"{&quot;background_background&quot;:&quot;classic&quot;}\">\n\t\t\t\t<div class=\"elementor-element elementor-element-b67f9ee elementor-widget elementor-widget-heading\" data-id=\"b67f9ee\" data-element_type=\"widget\" data-e-type=\"widget\" data-widget_type=\"heading.default\">\n\t\t\t\t<div class=\"elementor-widget-container\">\n\t\t\t\t\t<h3 class=\"elementor-heading-title elementor-size-default\">Edukujemy<\/h3>\t\t\t\t<\/div>\n\t\t\t\t<\/div>\n\t\t\t\t<div class=\"elementor-element elementor-element-249313e elementor-widget elementor-widget-text-editor\" data-id=\"249313e\" data-element_type=\"widget\" data-e-type=\"widget\" data-widget_type=\"text-editor.default\">\n\t\t\t\t<div class=\"elementor-widget-container\">\n\t\t\t\t\t\t\t\t\t<p>Prowadzimy dzia\u0142ania edukacyjne dla rodzic\u00f3w, rodzin i specjalist\u00f3w, aby zwi\u0119kszy\u0107 \u015bwiadomo\u015b\u0107 na temat zespo\u0142u KBG i wspiera\u0107 rozw\u00f3j dzieci.<\/p>\t\t\t\t\t\t\t\t<\/div>\n\t\t\t\t<\/div>\n\t\t\t\t<div class=\"elementor-element elementor-element-c82588b elementor-widget-divider--view-line elementor-widget elementor-widget-divider\" data-id=\"c82588b\" data-element_type=\"widget\" data-e-type=\"widget\" data-widget_type=\"divider.default\">\n\t\t\t\t<div class=\"elementor-widget-container\">\n\t\t\t\t\t\t\t<div class=\"elementor-divider\">\n\t\t\t<span class=\"elementor-divider-separator\">\n\t\t\t\t\t\t<\/span>\n\t\t<\/div>\n\t\t\t\t\t\t<\/div>\n\t\t\t\t<\/div>\n\t\t\t\t<\/div>\n\t\t<div class=\"elementor-element elementor-element-72bd153 e-con-full e-flex e-con e-child\" data-id=\"72bd153\" data-element_type=\"container\" data-e-type=\"container\" data-settings=\"{&quot;background_background&quot;:&quot;classic&quot;}\">\n\t\t\t\t<div class=\"elementor-element elementor-element-c6d6aa2 elementor-widget elementor-widget-heading\" data-id=\"c6d6aa2\" data-element_type=\"widget\" data-e-type=\"widget\" data-widget_type=\"heading.default\">\n\t\t\t\t<div class=\"elementor-widget-container\">\n\t\t\t\t\t<h4 class=\"elementor-heading-title elementor-size-default\">Prowadzimy opiek\u0119 i wspieramy<\/h4>\t\t\t\t<\/div>\n\t\t\t\t<\/div>\n\t\t\t\t<div class=\"elementor-element elementor-element-67bbd1b elementor-widget elementor-widget-text-editor\" data-id=\"67bbd1b\" data-element_type=\"widget\" data-e-type=\"widget\" data-widget_type=\"text-editor.default\">\n\t\t\t\t<div class=\"elementor-widget-container\">\n\t\t\t\t\t\t\t\t\t<p>Zapewniamy wsparcie dla rodzin, organizujemy grupy wsparcia i doradztwo.<\/p>\t\t\t\t\t\t\t\t<\/div>\n\t\t\t\t<\/div>\n\t\t\t\t<div class=\"elementor-element elementor-element-0468635 elementor-widget-divider--view-line elementor-widget elementor-widget-divider\" data-id=\"0468635\" data-element_type=\"widget\" data-e-type=\"widget\" data-widget_type=\"divider.default\">\n\t\t\t\t<div class=\"elementor-widget-container\">\n\t\t\t\t\t\t\t<div class=\"elementor-divider\">\n\t\t\t<span class=\"elementor-divider-separator\">\n\t\t\t\t\t\t<\/span>\n\t\t<\/div>\n\t\t\t\t\t\t<\/div>\n\t\t\t\t<\/div>\n\t\t\t\t<\/div>\n\t\t<div class=\"elementor-element elementor-element-1fa1b2f e-con-full e-flex e-con e-child\" data-id=\"1fa1b2f\" data-element_type=\"container\" data-e-type=\"container\" data-settings=\"{&quot;background_background&quot;:&quot;classic&quot;}\">\n\t\t\t\t<div class=\"elementor-element elementor-element-82484d3 elementor-widget elementor-widget-heading\" data-id=\"82484d3\" data-element_type=\"widget\" data-e-type=\"widget\" data-widget_type=\"heading.default\">\n\t\t\t\t<div class=\"elementor-widget-container\">\n\t\t\t\t\t<h5 class=\"elementor-heading-title elementor-size-default\">Wspieramy badania i wsp\u00f3\u0142prac\u0119 naukow\u0105<\/h5>\t\t\t\t<\/div>\n\t\t\t\t<\/div>\n\t\t\t\t<div class=\"elementor-element elementor-element-71dd5fd elementor-widget elementor-widget-text-editor\" data-id=\"71dd5fd\" data-element_type=\"widget\" data-e-type=\"widget\" data-widget_type=\"text-editor.default\">\n\t\t\t\t<div class=\"elementor-widget-container\">\n\t\t\t\t\t\t\t\t\t<p>Wspieramy badania nad zespo\u0142em KBG i wsp\u00f3\u0142pracujemy ze specjalistami, aby dzieci mog\u0142y otrzyma\u0107 jak najlepsz\u0105 opiek\u0119 medyczn\u0105 i terapeutyczn\u0105.<\/p>\t\t\t\t\t\t\t\t<\/div>\n\t\t\t\t<\/div>\n\t\t\t\t<div class=\"elementor-element elementor-element-fd80301 elementor-widget-divider--view-line elementor-widget elementor-widget-divider\" data-id=\"fd80301\" data-element_type=\"widget\" data-e-type=\"widget\" data-widget_type=\"divider.default\">\n\t\t\t\t<div class=\"elementor-widget-container\">\n\t\t\t\t\t\t\t<div class=\"elementor-divider\">\n\t\t\t<span class=\"elementor-divider-separator\">\n\t\t\t\t\t\t<\/span>\n\t\t<\/div>\n\t\t\t\t\t\t<\/div>\n\t\t\t\t<\/div>\n\t\t\t\t<\/div>\n\t\t<div class=\"elementor-element elementor-element-2296af5 e-con-full e-flex e-con e-child\" data-id=\"2296af5\" data-element_type=\"container\" data-e-type=\"container\" data-settings=\"{&quot;background_background&quot;:&quot;classic&quot;}\">\n\t\t\t\t<div class=\"elementor-element elementor-element-d320881 elementor-widget elementor-widget-heading\" data-id=\"d320881\" data-element_type=\"widget\" data-e-type=\"widget\" data-widget_type=\"heading.default\">\n\t\t\t\t<div class=\"elementor-widget-container\">\n\t\t\t\t\t<h5 class=\"elementor-heading-title elementor-size-default\">Organizujemy opiek\u0119 i integracj\u0119<\/h5>\t\t\t\t<\/div>\n\t\t\t\t<\/div>\n\t\t\t\t<div class=\"elementor-element elementor-element-ea57663 elementor-widget elementor-widget-text-editor\" data-id=\"ea57663\" data-element_type=\"widget\" data-e-type=\"widget\" data-widget_type=\"text-editor.default\">\n\t\t\t\t<div class=\"elementor-widget-container\">\n\t\t\t\t\t\t\t\t\t<p>Organizujemy spotkania, warsztaty i wydarzenia integracyjne dla rodzin, aby budowa\u0107 spo\u0142eczno\u015b\u0107, w kt\u00f3rej nikt nie czuje si\u0119 sam.<\/p>\t\t\t\t\t\t\t\t<\/div>\n\t\t\t\t<\/div>\n\t\t\t\t<div class=\"elementor-element elementor-element-ccda2d6 elementor-widget-divider--view-line elementor-widget elementor-widget-divider\" data-id=\"ccda2d6\" data-element_type=\"widget\" data-e-type=\"widget\" data-widget_type=\"divider.default\">\n\t\t\t\t<div class=\"elementor-widget-container\">\n\t\t\t\t\t\t\t<div class=\"elementor-divider\">\n\t\t\t<span class=\"elementor-divider-separator\">\n\t\t\t\t\t\t<\/span>\n\t\t<\/div>\n\t\t\t\t\t\t<\/div>\n\t\t\t\t<\/div>\n\t\t\t\t<\/div>\n\t\t\t\t\t<\/div>\n\t\t\t\t<\/div>\n\t\t<div class=\"elementor-element elementor-element-8effa43 e-flex e-con-boxed e-con e-parent\" data-id=\"8effa43\" data-element_type=\"container\" data-e-type=\"container\">\n\t\t\t\t\t<div class=\"e-con-inner\">\n\t\t<div class=\"elementor-element elementor-element-a8d5908 e-con-full e-flex e-con e-child\" data-id=\"a8d5908\" data-element_type=\"container\" data-e-type=\"container\">\n\t\t\t\t<div class=\"elementor-element elementor-element-f83a835 elementor-widget elementor-widget-heading\" data-id=\"f83a835\" data-element_type=\"widget\" data-e-type=\"widget\" data-widget_type=\"heading.default\">\n\t\t\t\t<div class=\"elementor-widget-container\">\n\t\t\t\t\t<h2 class=\"elementor-heading-title elementor-size-default\">U\u015bmiechy KBG<\/h2>\t\t\t\t<\/div>\n\t\t\t\t<\/div>\n\t\t\t\t<div class=\"elementor-element elementor-element-f9a311b gallery-spacing-custom elementor-widget elementor-widget-image-gallery\" data-id=\"f9a311b\" data-element_type=\"widget\" data-e-type=\"widget\" data-widget_type=\"image-gallery.default\">\n\t\t\t\t<div class=\"elementor-widget-container\">\n\t\t\t\t\t\t\t<div class=\"elementor-image-gallery\">\n\t\t\t<div id='gallery-1' class='gallery galleryid-347 gallery-columns-4 gallery-size-full'><figure class='gallery-item'>\n\t\t\t<div class='gallery-icon portrait'>\n\t\t\t\t<img decoding=\"async\" width=\"1920\" height=\"2560\" src=\"https:\/\/www.fundacja-kbg.pl\/home\/wp-content\/uploads\/2026\/01\/IMG_1225-scaled.jpeg\" class=\"attachment-full size-full\" alt=\"\" srcset=\"https:\/\/www.fundacja-kbg.pl\/home\/wp-content\/uploads\/2026\/01\/IMG_1225-scaled.jpeg 1920w, https:\/\/www.fundacja-kbg.pl\/home\/wp-content\/uploads\/2026\/01\/IMG_1225-225x300.jpeg 225w, https:\/\/www.fundacja-kbg.pl\/home\/wp-content\/uploads\/2026\/01\/IMG_1225-768x1024.jpeg 768w, https:\/\/www.fundacja-kbg.pl\/home\/wp-content\/uploads\/2026\/01\/IMG_1225-1152x1536.jpeg 1152w, https:\/\/www.fundacja-kbg.pl\/home\/wp-content\/uploads\/2026\/01\/IMG_1225-1536x2048.jpeg 1536w\" sizes=\"(max-width: 1920px) 100vw, 1920px\" \/>\n\t\t\t<\/div><\/figure><figure class='gallery-item'>\n\t\t\t<div class='gallery-icon portrait'>\n\t\t\t\t<img loading=\"lazy\" decoding=\"async\" width=\"1980\" height=\"2560\" src=\"https:\/\/www.fundacja-kbg.pl\/home\/wp-content\/uploads\/2026\/01\/IMG_3509-1-scaled.jpeg\" class=\"attachment-full size-full\" alt=\"\" srcset=\"https:\/\/www.fundacja-kbg.pl\/home\/wp-content\/uploads\/2026\/01\/IMG_3509-1-scaled.jpeg 1980w, https:\/\/www.fundacja-kbg.pl\/home\/wp-content\/uploads\/2026\/01\/IMG_3509-1-232x300.jpeg 232w, https:\/\/www.fundacja-kbg.pl\/home\/wp-content\/uploads\/2026\/01\/IMG_3509-1-792x1024.jpeg 792w, https:\/\/www.fundacja-kbg.pl\/home\/wp-content\/uploads\/2026\/01\/IMG_3509-1-768x993.jpeg 768w, https:\/\/www.fundacja-kbg.pl\/home\/wp-content\/uploads\/2026\/01\/IMG_3509-1-1188x1536.jpeg 1188w, https:\/\/www.fundacja-kbg.pl\/home\/wp-content\/uploads\/2026\/01\/IMG_3509-1-1584x2048.jpeg 1584w\" sizes=\"(max-width: 1980px) 100vw, 1980px\" \/>\n\t\t\t<\/div><\/figure><figure class='gallery-item'>\n\t\t\t<div class='gallery-icon portrait'>\n\t\t\t\t<img loading=\"lazy\" decoding=\"async\" width=\"768\" height=\"1024\" src=\"https:\/\/www.fundacja-kbg.pl\/home\/wp-content\/uploads\/2026\/01\/Kacper-Kubuszewski.jpeg\" class=\"attachment-full size-full\" alt=\"\" srcset=\"https:\/\/www.fundacja-kbg.pl\/home\/wp-content\/uploads\/2026\/01\/Kacper-Kubuszewski.jpeg 768w, https:\/\/www.fundacja-kbg.pl\/home\/wp-content\/uploads\/2026\/01\/Kacper-Kubuszewski-225x300.jpeg 225w\" sizes=\"(max-width: 768px) 100vw, 768px\" \/>\n\t\t\t<\/div><\/figure><figure class='gallery-item'>\n\t\t\t<div class='gallery-icon portrait'>\n\t\t\t\t<img loading=\"lazy\" decoding=\"async\" width=\"1707\" height=\"2560\" src=\"https:\/\/www.fundacja-kbg.pl\/home\/wp-content\/uploads\/2026\/02\/IMG_2852-scaled.jpg\" class=\"attachment-full size-full\" alt=\"\" srcset=\"https:\/\/www.fundacja-kbg.pl\/home\/wp-content\/uploads\/2026\/02\/IMG_2852-scaled.jpg 1707w, https:\/\/www.fundacja-kbg.pl\/home\/wp-content\/uploads\/2026\/02\/IMG_2852-200x300.jpg 200w, https:\/\/www.fundacja-kbg.pl\/home\/wp-content\/uploads\/2026\/02\/IMG_2852-683x1024.jpg 683w, https:\/\/www.fundacja-kbg.pl\/home\/wp-content\/uploads\/2026\/02\/IMG_2852-768x1152.jpg 768w, https:\/\/www.fundacja-kbg.pl\/home\/wp-content\/uploads\/2026\/02\/IMG_2852-1024x1536.jpg 1024w, https:\/\/www.fundacja-kbg.pl\/home\/wp-content\/uploads\/2026\/02\/IMG_2852-1365x2048.jpg 1365w\" sizes=\"(max-width: 1707px) 100vw, 1707px\" \/>\n\t\t\t<\/div><\/figure>\n\t\t<\/div>\n\t\t<\/div>\n\t\t\t\t\t\t<\/div>\n\t\t\t\t<\/div>\n\t\t\t\t<\/div>\n\t\t\t\t\t<\/div>\n\t\t\t\t<\/div>\n\t\t\t\t<\/div>\n\t\t","protected":false},"excerpt":{"rendered":"<p>Razem dla dzieci i rodzin z Zespo\u0142em KBG Wspieramy, edukujemy i budujemy spo\u0142eczno\u015b\u0107 os\u00f3b dotkni\u0119tych rzadk\u0105 chorob\u0105 genetyczn\u0105 &#8211; zespo\u0142em KBG Dowiedz si\u0119 wi\u0119cej Potrzebuj\u0119 wsparcia Chc\u0119 pom\u00f3c Fundacja KBG Polska Naszym g\u0142\u00f3wnym celem jest wspieranie dzieci i doros\u0142ych z zespo\u0142em KBG oraz ich rodzin. D\u0105\u017cymy do zwi\u0119kszenia \u015bwiadomo\u015bci o tej rzadkiej chorobie w\u015br\u00f3d spo\u0142ecze\u0144stwa [&hellip;]<\/p>\n","protected":false},"author":1,"featured_media":0,"parent":0,"menu_order":0,"comment_status":"closed","ping_status":"closed","template":"","meta":{"site-sidebar-layout":"no-sidebar","site-content-layout":"page-builder","ast-site-content-layout":"full-width-container","site-content-style":"unboxed","site-sidebar-style":"unboxed","ast-global-header-display":"","ast-banner-title-visibility":"","ast-main-header-display":"","ast-hfb-above-header-display":"","ast-hfb-below-header-display":"","ast-hfb-mobile-header-display":"","site-post-title":"disabled","ast-breadcrumbs-content":"disabled","ast-featured-img":"disabled","footer-sml-layout":"","ast-disable-related-posts":"","theme-transparent-header-meta":"enabled","adv-header-id-meta":"","stick-header-meta":"","header-above-stick-meta":"","header-main-stick-meta":"","header-below-stick-meta":"","astra-migrate-meta-layouts":"set","ast-page-background-enabled":"default","ast-page-background-meta":{"desktop":{"background-color":"","background-image":"","background-repeat":"repeat","background-position":"center center","background-size":"auto","background-attachment":"scroll","background-type":"","background-media":"","overlay-type":"","overlay-color":"","overlay-opacity":"","overlay-gradient":""},"tablet":{"background-color":"","background-image":"","background-repeat":"repeat","background-position":"center center","background-size":"auto","background-attachment":"scroll","background-type":"","background-media":"","overlay-type":"","overlay-color":"","overlay-opacity":"","overlay-gradient":""},"mobile":{"background-color":"","background-image":"","background-repeat":"repeat","background-position":"center center","background-size":"auto","background-attachment":"scroll","background-type":"","background-media":"","overlay-type":"","overlay-color":"","overlay-opacity":"","overlay-gradient":""}},"ast-content-background-meta":{"desktop":{"background-color":"var(--ast-global-color-5)","background-image":"","background-repeat":"repeat","background-position":"center center","background-size":"auto","background-attachment":"scroll","background-type":"","background-media":"","overlay-type":"","overlay-color":"","overlay-opacity":"","overlay-gradient":""},"tablet":{"background-color":"var(--ast-global-color-5)","background-image":"","background-repeat":"repeat","background-position":"center center","background-size":"auto","background-attachment":"scroll","background-type":"","background-media":"","overlay-type":"","overlay-color":"","overlay-opacity":"","overlay-gradient":""},"mobile":{"background-color":"var(--ast-global-color-5)","background-image":"","background-repeat":"repeat","background-position":"center center","background-size":"auto","background-attachment":"scroll","background-type":"","background-media":"","overlay-type":"","overlay-color":"","overlay-opacity":"","overlay-gradient":""}},"footnotes":""},"class_list":["post-347","page","type-page","status-publish","hentry"],"_links":{"self":[{"href":"https:\/\/www.fundacja-kbg.pl\/home\/wp-json\/wp\/v2\/pages\/347","targetHints":{"allow":["GET"]}}],"collection":[{"href":"https:\/\/www.fundacja-kbg.pl\/home\/wp-json\/wp\/v2\/pages"}],"about":[{"href":"https:\/\/www.fundacja-kbg.pl\/home\/wp-json\/wp\/v2\/types\/page"}],"author":[{"embeddable":true,"href":"https:\/\/www.fundacja-kbg.pl\/home\/wp-json\/wp\/v2\/users\/1"}],"replies":[{"embeddable":true,"href":"https:\/\/www.fundacja-kbg.pl\/home\/wp-json\/wp\/v2\/comments?post=347"}],"version-history":[{"count":49,"href":"https:\/\/www.fundacja-kbg.pl\/home\/wp-json\/wp\/v2\/pages\/347\/revisions"}],"predecessor-version":[{"id":875,"href":"https:\/\/www.fundacja-kbg.pl\/home\/wp-json\/wp\/v2\/pages\/347\/revisions\/875"}],"wp:attachment":[{"href":"https:\/\/www.fundacja-kbg.pl\/home\/wp-json\/wp\/v2\/media?parent=347"}],"curies":[{"name":"wp","href":"https:\/\/api.w.org\/{rel}","templated":true}]}}